 11, what is 402915 + -21?
4028a4
In base 5, what is -1004044 + -11340?
-1020434
In base 10, what is -88 - 4917741?
-4917829
In base 4, what is 13023 - 1000121?
-321032
In base 5, what is -10013021303 - 14?
-10013021322
In base 16, what is 2e + -8884?
-8856
In base 15, what is -3 - 7d1e55?
-7d1e58
In base 8, what is 2661 + 12201?
15062
In base 3, what is 10 - -100122220202021?
100122220202101
In base 7, what is 1 - 1616056535?
-1616056534
In base 8, what is -153711311 + 5?
-153711304
In base 8, what is -223 - 12674?
-13117
In base 4, what is 1222001 + -21202013?
-13320012
In base 3, what is -11 - -2012120112002112?
2012120112002101
In base 8, what is -64636742 - -1?
-64636741
In base 12, what is -50a - 73056?
-73564
In base 15, what is -2589 + 366?
-2223
In base 13, what is cc91 + 3730?
136c1
In base 13, what is -20164 - -43b?
-1ca26
In base 10, what is 10292 - 95?
10197
In base 2, what is 10110 - -100111100011110010?
100111100100001000
In base 3, what is 2110001101220 + -220?
2110001101000
In base 6, what is -113325554 + -35?
-113330033
In base 8, what is 200201 - 243?
177736
In base 11, what is 7 + 1a19a053?
1a19a05a
In base 15, what is 414 - 233e?
-1e2a
In base 11, what is 6 - 1737244?
-1737239
In base 16, what is 67258 + -1ab?
670ad
In base 5, what is 1420441 - 11013?
1404423
In base 5, what is -31000340414 + 24?
-31000340340
In base 8, what is -14 - 4565256?
-4565272
In base 9, what is 722674 + -11?
722663
In base 13, what is 19 + 57275?
57291
In base 11, what is -30a16 - -10?
-30a06
In base 2, what is 10001001110 + 11110010000111111?
11110100010001101
In base 3, what is -1002212211 - -102?
-1002212102
In base 3, what is 2220210202 + -20001?
2220120201
In base 5, what is 3322 - -3043310?
3102132
In base 7, what is 245 + 14445?
15023
In base 4, what is 132221332 - 123100?
132032232
In base 2, what is -1000100000 - -10100000011000?
10010111111000
In base 7, what is 2112120 + 255?
2112405
In base 14, what is 2b57 + -8466?
-570d
In base 13, what is -13923133 + 6?
-1392312a
In base 14, what is -998c05 - 4?
-998c09
In base 9, what is -567552208 + 2?
-567552206
In base 12, what is 5 - -1b7592?
1b7597
In base 15, what is -1ea90 + e1d?
-1db72
In base 16, what is a2c + 103c?
1a68
In base 9, what is -3 + -4113761?
-4113764
In base 6, what is -10132002 - 22305?
-10154311
In base 6, what is 33335 + 1510331?
1544110
In base 6, what is -4 - -13452234?
13452230
In base 10, what is 50127 + -221?
49906
In base 4, what is 2033200012123 - -10?
2033200012133
In base 14, what is -396b3 + 459?
-39258
In base 6, what is -4 + -1045514224?
-1045514232
In base 11, what is 414992a - -13?
4149942
In base 10, what is -189079422 - -3?
-189079419
In base 10, what is 8 + -4886560?
-4886552
In base 10, what is 485 + -311460?
-310975
In base 14, what is -8ab1 - 18c1?
-a592
In base 3, what is -11121101212 - -10221?
-11121020221
In base 5, what is 3424143433 - -40?
3424144023
In base 7, what is -164606 - -410?
-164166
In base 7, what is -11 - 1603213?
-1603224
In base 16, what is -4 - -1144ccd?
1144cc9
In base 9, what is 178 + 1015654?
1015843
In base 12, what is 1783351 - -16?
1783367
In base 2, what is -100000001010100 + 110100000110?
-11001101001110
In base 7, what is 224 - 14215651?
-14215424
In base 3, what is -12 + -201212000012101?
-201212000012120
In base 7, what is -341066 + 451?
-340315
In base 5, what is -3 - 12130311111?
-12130311114
In base 7, what is -535552664 - 4?
-535553001
In base 13, what is 23b - -47b07?
48045
In base 2, what is 1 - 111010000010000111110011?
-111010000010000111110010
In base 14, what is 32c3d - -96?
32cd5
In base 13, what is 3 - 2256355?
-2256352
In base 2, what is -101000 - 1001001010001011101?
-1001001010010000101
In base 13, what is -5b - -330574?
330516
In base 10, what is 2327 - -5093?
7420
In base 3, what is -11 + -202102022110221?
-202102022111002
In base 11, what is 161151 + -98?
161064
In base 11, what is -4a + -32a93a?
-32a989
In base 5, what is -231123 + 2042?
-224031
In base 16, what is 42 - 2df5f?
-2df1d
In base 8, what is 6 + 16047535?
16047543
In base 2, what is 101100111 - -1001110101001110?
1001111010110101
In base 4, what is -2130123312333 - -2?
-2130123312331
In base 13, what is -a11547 + 2?
-a11545
In base 9, what is 117 + 311402?
311520
In base 2, what is 1000000101000101000010 + 10011?
1000000101000101010101
In base 3, what is 101020210101011000 + 11?
101020210101011011
In base 6, what is 1314 + 1145124?
1150442
In base 12, what is -943a537 + -7?
-943a542
In base 8, what is -5 + 2600225?
2600220
In base 16, what is -54 - -126cf?
1267b
In base 8, what is -16 - 6732167?
-6732205
In base 5, what is -1233041431 + 1220?
-1233040211
In base 10, what is 7 - 697249?
-697242
In base 13, what is 5c - 188c?
-1830
In base 12, what is -53 + 134a818?
134a785
In base 13, what is 2b8 + -55a3?
-52b8
In base 5, what is -3033 - 3303014?
-3311102
In base 6, what is -3 + -12445533?
-12445540
In base 6, what is 5 - 3235204340?
-3235204331
In base 7, what is 63166104 + 210?
63166314
In base 11, what is 0 + 1447158?
1447158
In base 10, what is 6 + 178002830?
178002836
In base 7, what is 3221 - 15513?
-12262
In base 10, what is 5 - 218414456?
-218414451
In base 13, what is 4 + 3074206?
307420a
In base 8, what is 4 + -3573713?
-3573707
In base 4, what is -320132233 + 1211?
-320131022
In base 14, what is 13 + -27314a?
-273137
In base 16, what is -66ce61 - 29?
-66ce8a
In base 5, what is -141041431 + -1?
-141041432
In base 11, what is 185073 + -24?
18504a
In base 16, what is 4ed8 - a?
4ece
In base 7, what is 1435 - 204003?
-202235
In base 14, what is -cbb055 + -8?
-cbb05d
In base 12, what is -377260 + 193?
-377089
In base 7, what is -2162 + 116413?
114221
In base 10, what is -14155540 - -1?
-14155539
In base 11, what is 17 - 251a89?
-251a72
In base 8, what is 136660164 + -4?
136660160
In base 12, what is -a9 + -23696?
-23783
In base 11, what is -4677584 + -206?
-467778a
In base 10, what is 3 - -133604243?
133604246
In base 13, what is b490 - -25?
b4b5
In base 16, what is 230 - 2511b?
-24eeb
In base 6, what is 15 - -22511032?
22511051
In base 15, what is 1d1a - -1533?
334d
In base 2, what is -100101010010101111000 - 11?
-100101010010101111011
In base 6, what is -1301202230 - -51?
-1301202135
In base 13, what is b1 - -5b693?
5b774
In base 3, what is 20 + 212220001212222?
212220001220012
In base 6, what is 15553 - -13002?
32555
In base 16, what is 56 + 92557?
925ad
In base 2, what is 101 + 10100011110101001111010111101?
10100011110101001111011000010
In base 11, what is -1904 - -1861?
-53
In base 7, what is -1451 - -20020442?
20015661
In base 16, what is 467d2 + -14b?
46687
In base 12, what is 169 + -18506?
-18359
In base 3, what is -12 - 1121222120212200?
-1121222120212212
In base 12, what is 1 - -871158b?
8711590
In base 8, what is 4 - 26403231?
-26403225
In base 7, what is 50 - -233635555?
233635635
In base 9, what is -3 - -25405461?
25405457
In base 13, what is -50a21 + 199?
-50855
In base 4, what is -1 + 13333113113?
13333113112
In base 8, what is -42425 + -3442?
-46067
In base 3, what is -20120210 - 10122?
-20201102
In base 4, what is 21230 - -2313231?
3001121
In base 9, what is 4 + 4286206?
4286211
In base 9, what is 1064 + 10863?
12037
In base 5, what is 333 - 13402313?
-13401430
In base 15, what is 322b0 + e6?
323a6
In base 13, what is 564 + 4a7c?
5313
In base 12, what is 2 - -529b63b?
529b641
In base 15, what is -6e91770 + 0?
-6e91770
In base 9, what is -124444145 + -21?
-124444166
In base 4, what is -10 - 10232101203?
-10232101213
In base 16, what is -2571a5f - 4?
-2571a63
In base 9, what is 4386664 + 4?
4386668
In base 16, what is -81 - -3c86?
3c05
In base 13, what is 176cca - 126?
176ba4
In base 16, what is -9 - -4e9b2d1?
4e9b2c8
In base 11, what is -1182929 - -1?
-1182928
In base 12, what is 3a - -16a081?
16a0bb
In base 8, what is 103255766 + 1?
103255767
In base 6, what is 5 - -2110400304?
2110400313
In base 7, what is 2431242454 + -2?
2431242452
In base 4, what is 1002 + -330032030?
-330031022
In base 12, what is -b + 6997540?
6997531
In base 10, what is 2 - 3761131?
-3761129
In base 2, what is -11001000 + -101101100110101?
-101101111111101
In base 2, what is -1 - -101110110100011001011101110?
101110110100011001011101101
In base